1428687?
8
What is the hundred thousands digit of 1032123578?
1
What is the ten millions digit of 2766815290?
6
What is the hundreds digit of 39270120?
1
What is the tens digit of 89264149?
4
What is the units digit of 478677483?
3
What is the units digit of 719876416?
6
What is the units digit of 2278479017?
7
What is the thousands digit of 704784035?
4
What is the tens digit of 651755?
5
What is the units digit of 233522695?
5
What is the millions digit of 138726679?
8
What is the tens digit of 22669166?
6
What is the tens digit of 42431808?
0
What is the millions digit of 202601958?
2
What is the thousands digit of 2878233291?
3
What is the ten millions digit of 24209180?
2
What is the millions digit of 863882132?
3
What is the hundred millions digit of 297740932?
2
What is the hundred millions digit of 136554116?
1
What is the tens digit of 3136595927?
2
What is the ten thousands digit of 480932459?
3
What is the millions digit of 106897670?
6
What is the thousands digit of 52188695?
8
What is the ten millions digit of 2358958806?
5
What is the hundred thousands digit of 150077658?
0
What is the thousands digit of 14929035?
9
What is the hundreds digit of 947187462?
4
What is the units digit of 403647560?
0
What is the hundreds digit of 60254464?
4
What is the hundred millions digit of 144696980?
1
What is the hundred thousands digit of 365856279?
8
What is the thousands digit of 1816744184?
4
What is the ten thousands digit of 50554471?
5
What is the hundred millions digit of 126854982?
1
What is the ten thousands digit of 190707877?
0
What is the hundred thousands digit of 193256315?
2
What is the hundred millions digit of 187879629?
1
What is the hundreds digit of 415208952?
9
What is the thousands digit of 2606793126?
3
What is the ten thousands digit of 50659521?
5
What is the units digit of 1016676400?
0
What is the ten thousands digit of 49442451?
4
What is the hundreds digit of 4341902506?
5
What is the tens digit of 3678872366?
6
What is the millions digit of 35309539?
5
What is the ten millions digit of 3325170896?
2
What is the units digit of 25613389?
9
What is the tens digit of 335728403?
0
What is the tens digit of 27536636?
3
What is the ten thousands digit of 301914790?
1
What is the ten thousands digit of 2353469893?
6
What is the millions digit of 324315584?
4
What is the hundred millions digit of 191790055?
1
What is the hundred millions digit of 4909575632?
9
What is the hundred thousands digit of 2387192421?
1
What is the ten millions digit of 179778645?
7
What is the hundred millions digit of 8671666182?
6
What is the hundreds digit of 75704509?
5
What is the hundreds digit of 494134454?
4
What is the ten thousands digit of 45405?
4
What is the units digit of 8950418?
8
What is the units digit of 2481387569?
9
What is the millions digit of 2119374?
2
What is the ten thousands digit of 251097216?
9
What is the hundreds digit of 202355005?
0
What is the hundreds digit of 564228066?
0
What is the millions digit of 372385227?
2
What is the hundred thousands digit of 1837074675?
0
What is the hundred millions digit of 117656928?
1
What is the ten millions digit of 40019395?
4
What is the units digit of 42759317?
7
What is the units digit of 228511334?
4
What is the hundred millions digit of 1910075578?
9
What is the units digit of 7342546406?
6
What is the millions digit of 115289511?
5
What is the hundreds digit of 61882197?
1
What is the tens digit of 1651643?
4
What is the thousands digit of 37919618?
9
What is the millions digit of 25270043?
5
What is the thousands digit of 340739737?
9
What is the ten millions digit of 352501804?
5
What is the tens digit of 641498552?
5
What is the millions digit of 380593288?
0
What is the ten millions digit of 60014067?
6
What is the ten millions digit of 103219031?
0
What is the tens digit of 48970857?
5
What is the hundred millions digit of 163097829?
1
What is the billions digit of 3916702522?
3
What is the tens digit of 178022926?
2
What is the thousands digit of 65939845?
9
What is the ten thousands digit of 720161998?
6
What is the hundred thousands digit of 73008592?
0
What is the ten millions digit of 866140260?
6
What is the tens digit of 48889602?
0
What is the ten thousands digit of 463743482?
4
What is the millions digit of 123550033?
3
What is the hundred thousands digit of 741908220?
9
What is the hundreds digit of 580822836?
8
What is the units digit of 161099480?
0
What is the thousands digit of 558791866?
1
What is the hundred thousands digit of 9359483919?
4
What is the tens digit of 1514533702?
0
What is the ten millions digit of 887062252?
8
What is the millions digit of 236635523?
6
What is the millions digit of 1379752854?
9
What is the hundred thousands digit of 739804604?
8
What is the thousands digit of 57350702?
0
What is the hundred thousands digit of 69683930?
6
What is the thousands digit of 846660?
6
What is the tens digit of 43932987?
8
What is the thousands digit of 408229833?
9
What is the hundred thousands digit of 227247762?
2
What is the hundred thousands digit of 24818880?
8
What is the hundreds digit of 13669414?
4
What is the hundred millions digit of 2718006478?
7
What is the hundred thousands digit of 353925143?
9
What is the thousands digit of 76884993?
4
What is the hundred thousands digit of 319521913?
5
What is the thousands digit of 2428607909?
7
What is the ten thousands digit of 30938963?
3
What is the units digit of 593919091?
1
What is the millions digit of 3088398291?
8
What is the hundred millions digit of 2007495026?
0
What is the millions digit of 101087402?
1
What is the hundred thousands digit of 57302128?
3
What is the tens digit of 172110838?
3
What is the hundred millions digit of 626311680?
6
What is the hundred millions digit of 103684494?
1
What is the units digit of 37593970?
0
What is the ten thousands digit of 6066383?
6
What is the units digit of 1500300378?
8
What is the thousands digit of 4799283430?
3
What is the units digit of 484260125?
5
What is the millions digit of 897027397?
7
What is the millions digit of 1516468272?
6
What is the thousands digit of 2132238119?
8
What is the units digit of 148526811?
1
What is the hundred thousands digit of 1319139596?
1
What is the hundreds digit of 7492680032?
0
What is the hundred millions digit of 174042301?
1
What is the millions digit of 84139130?
4
What is the ten thousands digit of 129308293?
0
What is the millions digit of 5771428?
5
What is the millions digit of 222854156?
2
What is the tens digit of 36864014?
1
What is the tens digit of 499560827?
2
What is the ten millions digit of 35078360?
3
What is the ten millions digit of 5520376088?
2
What is the millions digit of 37918461?
7
What is the units digit of 367507042?
2
What is the thousands digit of 1134655126?
5
What is the hundred millions digit of 4538787822?
5
What is the hundred millions digit of 174797520?
1
What is the millions digit of 730167828?
0
What is the ten thousands digit of 492757115?
5
What is the ten millions digit of 1005299348?
0
What is the tens digit of 3711052689?
8
What is the ten thousands digit of 1793158730?
5
What is the tens digit of 412513564?
6
What is the units digit of 718279018?
8
What is the hundred millions digit of 323399771?
3
What is the millions digit of 507159461?
7
What is the hundreds digit of 2322846761?
7
What is the millions digit of 17990618?
7
What is the ten millions digit of 656678396?
5
What is the units digit of 414340834?
4
What is the ten thousands digit of 3906309037?
0
What is the hundreds digit of 14793615?
6
What is the millions digit of 63498180?
3
What is the hundred millions digit of 196548228?
1
What is the hundred millions digit of 225791004?
2
What is the units digit of 230204980?
0
What is the ten millions digit of 73466701?
7
What is the thousands digit of 2075661897?
1
What is the ten thousands digit of 99920554?
2
What is the ten thousands digit of 433416957?
1
What is the ten millions digit of 1011597866?
1
What is the ten thousands digit of 440127469?
2
What is the ten thousands digit of 2706587320?
8
What is the hundred thousands digit of 807939821?
9
What is the hundred millions digit of 6932531572?
9
What is the millions digit of 295